of -3*a**4/8 + 30*a**2 + 11*a. Let z(m) be the first derivative of j(m). Calculate z(2).
-18
Let k = 3217 + -3229. Let l(c) = c + 28. Calculate l(k).
16
Suppose 0 = 4*z - 5*o + 4, 3*o + 1 = -11. Let b be z - 0/(-2) - (7 + -6). Let k(p) = -p**3 - 7*p**2 + 3 + 0*p + 2*p + 0*p. Determine k(b).
-11
Let b(m) = 275 - 581*m - 255 + 578*m. What is b(-2)?
26
Suppose -5*f + s - 30 = 0, -3*f - 4 = -s + 14. Let r = 11 - 9. Let w(x) = 0*x**3 - x + 1 + x**3 + 3*x**r + 0*x + 3*x**2. Determine w(f).
7
Let v(w) = -w**2 - 9*w + 34. Let x = 5262 + -5273. Calculate v(x).
12
Let o(l) be the third derivative of -l**6/120 + l**5/20 - l**4/24 + 4*l**2 + 1. Let f = -10 + 12. Let z be (f - -1) + 3/(-3). What is o(z)?
2
Let p(f) = 5*f**2 + 6*f - 1. Let g = 5 + -3. Let h(i) = -5*i**2 - i + 1 - 3*i - i**g - 2*i. Let d(z) = -4*h(z) - 5*p(z). Give d(-5).
6
Let u be (-144)/(-10) + -2 - 14/35. Suppose 119*t = 122*t - u. Let c(l) = 10 + t - 2 + 0 + l. Determine c(-9).
3
Let y be ((-2907)/(-12) + 0)/(3/8). Let p = 640 - y. Let w(j) be the third derivative of -j**4/8 - 3*j**3/2 + j**2. What is w(p)?
9
Let k(j) = -27*j - 729. Let r be k(-27). Let c = -7 + 20. Let b(g) = c + 4*g**2 - g + 0*g - 5*g**2 + 2*g**2. Determine b(r).
13
Let j(y) be the third derivative of -y**6/720 + y**5/30 - y**4/24 - 2*y**2. Let a(i) be the second derivative of j(i). Let m = -2715 - -2712. What is a(m)?
7
Let r(w) = -52*w - 2*w**2 - 57*w - 55*w + 158*w. Calculate r(-4).
-8
Let j be 3 - (12/8 - (-1)/2). Let r be 1/(-6) - 169/(-78). Suppose -r*d + j = -5. Let f(c) = c**3 - 4*c**2 + 3*c - 1. Give f(d).
-1
Let g(a) = 1 + 14*a - 31*a + 0*a + 18*a. Give g(10).
11
Let x(b) be the third derivative of 11*b**4/12 - 3*b**3 + 14*b**2 - 7*b. Give x(-4).
-106
Let r(t) = 15*t**3 - 2*t**2 + 1. Let n(k) = -2*k**2 + 152*k - 295. Let d be n(74). Calculate r(d).
14
Let w(i) = -i**3 - 3*i**2 - 2*i + 4. Let n be w(-3). Let s(x) = 4 + x**2 - n - 6*x + 2. Calculate s(5).
-9
Let n(m) be the first derivative of -m**3/3 + 2*m**2 - 3*m - 2. Let z(o) = 102*o - 608. Let s be z(6). What is n(s)?
-3
Let m(g) = g**2 - 5*g - 6. Suppose 5*a = -21*a + 156. Calculate m(a).
0
Suppose -3 = -4*u + u. Let i(j) = -2*j**2 - 4*j + 7. Let h(w) be the second derivative of -w**3/6 + w**2/2 - w - 56. Let d(c) = u*i(c) - 6*h(c). What is d(-1)?
-3
Let r(a) = -a - 6. Suppose -27*m + 16 = -11. Suppose 9*l - m = -1. Calculate r(l).
-6
Let g(b) = -57*b + 342. Let j be g(6). Let p(a) be the third derivative of 0*a + 9*a**2 - 1/2*a**3 + 1/12*a**4 + j. What is p(3)?
3
Let c(a) = -11 - a - 2*a**3 - 4064*a**2 + 3*a**3 + 4071*a**2 - 16*a - 6. Give c(-9).
-26
Suppose -5*s = 5*t + 25, -3*t = -33*s + 38*s + 23. Let f(y) = -3*y - 9. Calculate f(s).
3
Let u(v) = 13*v**2 - 2*v + 1. Let x(o) = -64*o**2 + 11*o - 19. Let c(p) = 5*u(p) + x(p). Determine c(-5).
6
Let h(g) be the second derivative of g**3/6 + 8*g**2 + 5*g. Suppose 0 = -5*s + 4*n - 56, 17*s - 2*n - 26 = 19*s. Give h(s).
4
Let s(o) = 4*o**3 + 11*o**2 - 6*o - 6. Suppose -3*a + 70*v = 66*v - 23, 10 = 2*a - 2*v. What is s(a)?
3
Let b be (-36)/(-4 - 2/(-6)*14). Let z be b/(50/(-12) + 4). Let m be 1/(-4) + (-9)/(z/171). Let u(x) = x - 1. What is u(m)?
-6
Let k(r) = 2*r - 6. Let x(s) be the second derivative of -s**4/12 + 5*s**3/2 - 7*s**2 + 11*s. Let w be x(9). Suppose -o = -9*o + w. Determine k(o).
4
Let z(d) = -d - 131 + 12 + 16 + 57. Determine z(-52).
6
Let w = -5339 - -5340. Let o(l) = 18*l**2 + 2*l - 2. What is o(w)?
18
Let r = 428 - 418. Suppose 24 - 14 = r*o. Let v(i) = -3 + 5*i + 2 + 0. Give v(o).
4
Let k(l) = 3*l + 1. Let f be 66*(-7 + 120/18). Let h(i) = 32*i + 10. Let s(q) = f*k(q) + 2*h(q). Give s(0).
-2
Let d(u) be the third derivative of -u**5/60 + u**4/8 + u**3/2 + 1015*u**2. Let m(v) = -v**3 + 8*v**2 - 5*v - 7. Let k be m(7). Determine d(k).
-25
Let k(c) be the second derivative of c**4/4 + 4*c**3/3 + 2*c**2 - 474*c. Give k(-3).
7
Let a be ((-8)/(-12))/(12/90). Let m(q) = q**3 + a + 4*q**2 - 7*q + 3*q**2 + 4 + 0*q**2. Suppose 3*h - 5*u + 29 = 0, 2*u = -h - 3*u - 3. Determine m(h).
1
Let d(t) be the second derivative of -t**5/20 - t**4/12 - t**3/2 - t**2/2 + 3031*t - 2. Calculate d(3).
-46
Let h(a) = a - 2*a**2 + 3*a**2 - 5 + 14. Let p be 30/(-10) + 3*1. Give h(p).
9
Let a(r) = 8*r**2 + 21*r + 37. Let z be a(-2). Let g(y) = -2*y + 70. Let s be g(z). Let n(h) = -h**3 + 17*h**2 - 16*h - 1. What is n(s)?
-1
Let j = -7026 - -7043. Let k(s) = s**3 - 18*s**2 + 18*s - 20. Give k(j).
-3
Let m(j) = -j + 90. Let p be m(0). Let h(w) = 83 - 171 - 5*w + p. Calculate h(3).
-13
Let g(r) = r**3 + 13*r**2 - 4*r - 30. Suppose 0 = -3*o + 5703 - 5742. Give g(o).
22
Let n(s) be the first derivative of s**4/4 - 26*s**3/3 - 13*s**2 - 37*s - 3512. Calculate n(27).
-10
Let x(n) = -n + 33. Let u(w) = -w**3 - 39*w**2 + 30*w - 384. Let z be u(-40). Calculate x(z).
17
Let s = -6548 + 6553. Let w = 1 + 2. Let i(g) = -3*g - 8 + 1 - 5*g**2 + g**w + g**2. What is i(s)?
3
Suppose -5*v - 3*a = -13, 5*v + a - 6 - 5 = 0. Let r(m) = -m + 2. Let g(p) = -9*p + 13. Let u(y) = v*g(y) - 14*r(y). Suppose -5*j - 4 = -3*j. Determine u(j).
6
Let s be 5/15 - ((-16)/12)/(-4). Suppose s = -12*j + 8*j. Suppose 0*l + l - 1 = j. Let c(w) = 10*w**3 - w**2 + w. Calculate c(l).
10
Let v(n) = n + 8. Let x = 101 - 102. Let s be (-6 + 5 - x) + -1. Let b be s/3 + -2*2/(-12). Give v(b).
8
Let r(i) = -18*i**2. Let h = -62 - -20. Let v = h - -54. Let f = v - 11. Give r(f).
-18
Let g(l) = -5*l + 11. Let z = 680 + -375. Suppose -4*o + 321 = z. What is g(o)?
-9
Suppose -1361*z + 33 = -1358*z. Let r(n) = n**3 - 11*n**2 + n - 5. What is r(z)?
6
Let w(s) = s**3 - 5*s**2 + 5*s + 2. Let l be w(4). Let x(p) = -3*p + 43. Suppose 4 + 4 = -4*i. Let m(r) = -r + 13. Let o(k) = i*x(k) + 7*m(k). Calculate o(l).
-1
Let c(p) = 5*p - 6. Suppose -2*o - 3*d = -420, o - 211 = -3*d + 2*d. Let f = o + -207. Calculate c(f).
24
Let w(b) = -4*b**2 + b. Suppose 4*q - 2 = 3*h - 1, 2*q - 23 = -3*h. Suppose h*c + 60 = -0*c. Let d be (-2)/(-2) + c/6. What is w(d)?
-5
Let s(h) be the second derivative of h**6/720 - 5*h**4/12 + 3*h**2 - 2*h + 2. Let x(j) be the third derivative of s(j). Determine x(-4).
-4
Let w(x) = x**3 + x**2 - 133*x - 5. Suppose -2*g - 4*t = 0, 1441*g - 1443*g = -t + 30. What is w(g)?
7
Let c(i) = -i + 13. Let t(r) = -2*r + 23. Let x(p) = 9*c(p) - 5*t(p). Let y(k) = 2*k - 13. Let g be y(5). Calculate x(g).
-1
Let u(m) = -2*m**2 + 3*m - 2 - 2*m + 4*m. Let s(w) = -2*w**2 - 39*w - 167. Let d be s(-23). Let n = -325 - d. What is u(n)?
-5
Let h(f) = -f - 5770 + 5769 + 0*f. Suppose -41*i + 64 = -33*i. Determine h(i).
-9
Let d(o) = -o**2 - 27*o - 63. Let l(v) = -v**2 - 26*v - 56. Let f(h) = 6*d(h) - 7*l(h). Determine f(-21).
35
Let v(h) = -6*h**2 - 39*h + 9. Let y(g) = -208*g + 3529. Let a be y(17). Give v(a).
-12
Let a(w) be the second derivative of w**3/3 - w**2 - w. Let m(f) = -2*f**3 + 20*f**2 + 13*f + 37. Let k be m(10). Let y = 170 - k. Determine a(y).
4
Let f(a) = 5*a. Suppose -2*h + 3*u = -5*h + 21, 3*u - 18 = -2*h. Suppose 2 = 3*w - 5*l, 13*w = 8*w + 3*l + 14. Let x be 1*((w - h) + 2). Give f(x).
15
Let d(c) = -c**3 - 7*c**2 - 5*c - 7. Let a(i) = 8*i**2 + 201*i + 18. Let t be a(-25). Calculate d(t).
28
Let g(r) be the third derivative of -r**6/120 + r**5/6 + 11*r**4/12 + 17*r**3/6 + 3*r**2 + 6*r. Let l be g(12). Let x(d) = d**2 + 9*d - 7. Calculate x(l).
-21
Let c(q) be the first derivative of q**4/2 - q**2/2 + 10*q + 474. Determine c(2).
24
Let u(t) = -3*t - 4. Let n(m) = -5 - m + 5 - 2*m - 4. Let o be n(0). Let g(a) = -a - 1. Let c(d) = o*g(d) + u(d). Determine c(1).
1
Suppose -3*y + 4*a = 14, 2*y - 19 = -4*a + a. Let t(f) = -1 + f - 2 - y. Suppose o = -d - 6, -4*d - 3*o = 136 - 123. Calculate t(d).
0
Let y(f) = -f + 1. Let h(b) = -4*b + 6. Let v be (-36)/(-27)*3/(-2). Let g(s) = v*h(s) + 11*y(s). Give g(-3).
8
Let g(j) = 4*j**2 - 13*j + 320. Let i(l) = -l**2 + 4*l - 79. Let n(h) = 6*g(h) + 25*i(h). Give n(13).
62
Let v(g) = -4 - 3*g**2 - g**2 + 3 - 2*g. Suppose 74*c + 36 = 70*c, 0 = -3*b - 3*c - 30. Determine v(b).
-3
Let q be (2/(-6))/(18/108) + 114. Let z(u) = 101 - 2*u - q + 3*u. What is z(0)?
-11
Let j(t) be the second derivative of -t**4/6 - 63*t**2/2 + 61*t. Let w(l) be the first derivative of j(l). Let x = 27 - 29. Determine w(x).
8
Let i(s) = 648 - s - 12